igit of x?
8
Suppose -5*u - 2*y = 75, u - 2*y = 3*y - 15. Let r = u - -33. What is the units digit of r?
8
Let t = -341 + 714. What is the hundreds digit of t?
3
Let z = -42 + 218. What is the hundreds digit of z?
1
What is the tens digit of 1 + -2 + 46 + -7?
3
Let s = -15 + 152. What is the hundreds digit of s?
1
Suppose -5*t + 1 - 9 = 3*x, -3*x + t = 2. Let d be (-3 - -4)*x*1. Let b = d + 2. What is the units digit of b?
1
Let d = 70 + -50. Suppose 2*x = -2*h + x - 26, -h + 4*x - 13 = 0. Let o = d + h. What is the units digit of o?
7
Let d = -6 + 9. Suppose 5*r + 79 = 3*j, d*j = -2*r - 4 - 15. What is the units digit of r/(-4) - (-3)/(-2)?
2
What is the tens digit of -3 - 12/(-4) - -22?
2
Suppose 0 = -2*p + g + 26, -3*p + g - 9 + 50 = 0. What is the units digit of p?
5
Let c(q) be the third derivative of -q**6/120 - q**5/15 + q**4/12 + q**3 + 2*q**2. Let m be c(-4). Let h = 0 - m. What is the units digit of h?
2
Let p be 12/20 + (-14)/(-10). Suppose 0 = 2*o + 3*o - 4*c - 9, -3*o = -p*c - 7. What is the units digit of o?
5
Let k = 72 + -48. Suppose -5*u + 2*u = -k. What is the units digit of u?
8
Suppose -o = r - 5*r + 2, -3*r = -3. Let w be 5 + -2 + 4 - o. What is the units digit of (12/30)/(1/w)?
2
Let i(j) = -7*j**3 - j**2 - j. Let h be i(-1). Let x = h - 19. What is the units digit of (-93)/x + (-3)/(-12)?
8
Let j be (-12)/9 + 3/9. Let q = j - -1. Suppose k - 7 - 2 = q. What is the units digit of k?
9
Let y = 221 + -89. What is the tens digit of y?
3
Suppose -3*m + 7 + 11 = 0. Let q be (-4 - -1)*(-2)/m. Suppose p - q = 5. What is the units digit of p?
6
Let c = -7 - -9. What is the units digit of 28 + 1/((-1)/c)?
6
Suppose 2*d + 4*z + 4 = 0, 3*d - d = 2*z + 8. Suppose d*m = -m + 18. What is the units digit of m?
6
Let j(v) = v - 1. Let r be j(6). What is the units digit of (6/r)/(9/30)?
4
Suppose 3*w = w - 14. Let i = w + 12. Suppose 14 = -i*o + 69. What is the tens digit of o?
1
Suppose -2 = -x + 3. Suppose 0*r - 51 = -3*r. Suppose -r = -4*b - 2*k + 7, -x*b = 5*k - 25. What is the units digit of b?
7
Suppose -4*m + 0*m - 30 = 3*s, 0 = 3*m + 5*s + 28. Let o(a) be the third derivative of a**4/24 + 2*a**3 - 2*a**2. What is the units digit of o(m)?
6
Suppose 0 = -2*b + 63 - 23. What is the tens digit of b?
2
Let w be (-2)/((-2)/(-3)) - 7. Let p = 7 + 12. Let j = w + p. What is the units digit of j?
9
Let f(x) = -x**2 - 12*x - 5. Let j be f(-9). Let b = -9 + j. What is the tens digit of b?
1
Suppose -5*f = -3*u + u + 7, 0 = f + 3*u - 2. Let y(x) = 2*x - x - 4*x - 1 + 0*x. What is the units digit of y(f)?
2
Let g(i) = -5*i**2 + 2*i. Let m(b) = -4*b**2 + 2*b. Let x(h) = 3*g(h) - 4*m(h). What is the units digit of x(4)?
8
Let b(y) = -6*y + 4. Let j be b(-6). Suppose -a - 5*d = 4, 4*a - j = -5*d - 11. What is the units digit of a?
1
Suppose 20 = 3*l + 2*l, -3*l = 3*a - 24. Suppose 0 = 2*t + 2*z + a - 0, 0 = -5*t - 3*z. What is the units digit of 3/((t/4)/1)?
4
Suppose -8 = 5*s - 293. What is the tens digit of s?
5
Let i(g) = 0*g + 1 - g - 5. Suppose 5*t + 27 + 8 = 0. What is the units digit of i(t)?
3
Let r(p) = -p**3 - 3*p**2 - 4 - 4*p + 2 - p**2. Let q be r(-3). Let w = q + 0. What is the units digit of w?
1
What is the hundreds digit of (-127)/(-1) + -6*1/2?
1
Let h(q) = -q. Let i be h(-3). Suppose 0 = -i*m + 9, 0*j - 3 = j - 3*m. What is the units digit of j?
6
Suppose 0*q - 35 = -q + 4*l, q + 3*l = 49. What is the tens digit of q?
4
Let l be 0 + 1 + 0 + 1. Suppose 0 = l*q + 2*q - 36. What is the units digit of q?
9
Suppose -4*d - 2*p + 611 = -5*p, 5*d - 770 = 5*p. What is the tens digit of d?
4
Let t = -14 - 4. What is the units digit of (t/(-8))/(2/8)?
9
Suppose i - 28 = -4*m + 8, m = 0. What is the units digit of (3/6)/(1/i)?
8
Suppose 0 = -p - p + 22. Suppose d = 3*k + p, -k + 2 = -3*d + k. Let g(z) = -z**2 - 5*z - 3. What is the units digit of g(d)?
1
Let p(q) = 2*q**2 - 7*q - 10. What is the units digit of p(-4)?
0
Let o = 1 + 48. What is the tens digit of o?
4
Let q be (-5 + 9)*(-3 - -2). What is the tens digit of (125/(-10))/(2/q)?
2
Let h(b) = 11*b - 6. Suppose j + 3*y = 4, -5*j + 20 = 7*y - 2*y. What is the tens digit of h(j)?
3
Let r be (1/2)/((-7)/(-84)). Suppose -4*p = 5*n - 57, -3*p + 3*n + 3 = -r. What is the units digit of p?
8
Let p(i) = i**2 - 8*i + 4. Let t be p(8). Suppose -t*g + 103 = -29. What is the tens digit of g?
3
Suppose -5*g = -55 - 30. What is the units digit of g?
7
Suppose -4*i = -8, -3*i + 22 = 3*s - 4*i. Suppose 50 = s*n - 6*n. What is the tens digit of n?
2
Let n(p) = p**2 - p. Suppose 0*s - 3 = s + u, 3*u = -5*s - 15. What is the units digit of n(s)?
2
Suppose -k + 0*k = 3*t - 42, -3*k - 3*t = -138. What is the tens digit of (-36)/k - 79/(-4)?
1
Let g = -65 + 93. What is the units digit of g?
8
Let z be 2/(-3)*-6 + -3. Suppose 2*d = 17 + z. What is the units digit of d?
9
Let b be ((-4)/6)/((-2)/15). Suppose -5*c = -4*t + 29, -b*c - 12 - 5 = -2*t. Let u = 13 - t. What is the units digit of u?
7
Suppose 4*n + 70 = 5*n. What is the units digit of n?
0
Let h(x) = x**2 - 6*x - 3. Let j be h(6). Let k = 41 + j. What is the units digit of k?
8
Suppose 4*n = -5*s - 2, -2*n + 10 = 2*s - 5*s. Suppose -5*o = n*a - 8, -a - 2*o = 2*a - 12. What is the units digit of a?
4
Suppose 34 = 5*p - 5*q + 4, 3*q + 22 = 5*p. Let m = -41 - -67. What is the tens digit of p/(m/12 - 2)?
1
Let i be 3/(-4 - -1)*12. Let b be (i - -4) + (-1 - -1). What is the units digit of 4*((-10)/b + 1)?
9
Suppose -2*u + 5 = -1. What is the units digit of u?
3
Let m = -123 + 238. What is the units digit of m?
5
Let m be 4/2 + 22/1. Suppose 4*c + m = 2*d, 5*c + 2 = d - 7. What is the tens digit of d?
1
Suppose -13*l = -10*l - 279. What is the tens digit of l?
9
Let f = 73 + -41. What is the units digit of f?
2
Let y(k) = -3*k**2 + k**2 + 3*k**3 - 2*k + 4*k - k. Let z be y(1). Suppose -z*f + 7 = -5. What is the units digit of f?
6
Let g(a) = -a**3 - 8*a**2 - 8*a - 3. Let f be g(-7). Let k = 25 - 14. Suppose -f*d - k = -4*j - 3*d, -7 = 2*j - 3*d. What is the units digit of j?
4
Let t(c) be the third derivative of -c**4/12 - 3*c**3/2 + c**2. What is the units digit of t(-8)?
7
Suppose 49 + 63 = 2*l. Let u = l - 26. Suppose -2*c + 15 = z, -z + u = 2*c + 3*c. What is the units digit of z?
5
Let i be (-3 + (-1)/(-3))*12. Let q = i + 55. What is the tens digit of q?
2
Suppose -16*u = -25*u + 999. What is the tens digit of u?
1
Let t be (0 + 0 + 5)/(-1). Suppose 0 = -p - 6*p + 112. Let a = t + p. What is the tens digit of a?
1
Let z = -4 + 6. Suppose -5*x + z*x = -4*q - 19, -x = -2*q - 7. Suppose -d + 1 = -u - 5, x*d + 3*u = -2. What is the units digit of d?
2
Suppose 2*n + 7 - 81 = 0. What is the tens digit of n?
3
Suppose -5*j = -8*j + 288. What is the tens digit of j?
9
Suppose 0 = -5*h + 4 + 36. Let d(k) = k**3 - 7*k**2 - 5*k + 1. What is the tens digit of d(h)?
2
Suppose -3*v = -v - 104. What is the units digit of v?
2
What is the units digit of -48*(-3 - -6)/(-6)?
4
Let w(g) = -g**3 - 9*g**2 - 8*g + 4. Let t be w(-8). Suppose 3*s - 29 = -z, -t*z = 3*s + 4 - 21. What is the units digit of s?
1
Suppose 3*o + 10 = w + 27, o + 4*w + 3 = 0. Suppose -2*b - 35 = -6*b - 5*d, -o*b = -5*d - 55. What is the units digit of b?
0
Suppose 0 = 4*n - 6 - 14. Suppose 2*x - 16 = 5*z, -x + 0*z = -z - n. Suppose 3 = 2*m - x. What is the units digit of m?
3
Suppose 5*d + 51 + 44 = -5*v, 0 = -3*d + 4*v - 50. Let g = d + 29. What is the units digit of g?
1
Suppose 2*q - 26 = -4*b, -3*b - 3*q + 0*q = -12. Let w = 14 + b. What is the units digit of w?
3
Suppose -3*a - 5 = 2*v - 51, 49 = 3*a - v. Suppose -j + a = -c, 5*j - 5*c - 68 = j. What is the units digit of j?
2
Suppose 3*k - 115 = -5*p, -p - 2*k + 6*k = 0. Suppose -q + 11 = -4*o + 27, 0 = 4*o - p. Suppose -2*a = -4, q*b - 20 = b + 5*a. What is the units digit of b?
0
Let r(b) = b - 10. Let f(z) = z. Let c(d) = -3*f(d) + r(d). Let u be c(-7). Suppose g = -2*g - u*i + 31, i = 3*g - 26. What is the units digit of g?
9
Let u be 6/8 + 13/4. Suppose 0*c + 100 = u*c. Suppose -g - 4*g = -c. What is the units digit of g?
5
Let q be (2 + -1)/(2/6). Suppose -3*s + 4*p - 3 = -20, -4*p + 25 = q*s. Suppose s = u - 0. What is the units digit of u?
7
Suppose 15*t = 8*t + 1708. What is the tens digit of t?
4
Let g be (-1 + 3)*5/(-2). L